est common divisor of j and 208?
16
Let p = -2 - -7. Let f = -38 - -61. Suppose 0 = g + f - 73. What is the highest common factor of p and g?
5
Let h = -222 - -377. What is the highest common factor of 62 and h?
31
Let l be ((-21)/(-6))/(6/48). Let t(s) = -l*s + 19*s + 2*s**2 + 12 - 3*s**2. Let n be t(-9). What is the greatest common divisor of 48 and n?
12
Suppose 6*t - 39 = 45. Suppose -4*u + 8 = r, 5*r + 4*u + 1 = -7. Let n be 208/5 + r/(-10). Calculate the highest common factor of n and t.
14
Suppose -5*q + 260 = -5*l, l = -3 - 0. What is the greatest common divisor of 441 and q?
49
Let d = -703 + 736. Calculate the highest common divisor of 11 and d.
11
Suppose -12 = -8*k + 20. Suppose 25 - 1 = 3*f + k*o, 2*o = -6. Suppose -230 = -4*u + 2*j, 2*u - 4*u - j = -125. Calculate the highest common factor of u and f.
12
Let h be 4/(-2) + 478 - 455/(-91). Calculate the highest common factor of 37 and h.
37
Let c = 126 - 45. Let m = 189 + -110. Let l be m/9 - 22/(-99). What is the highest common factor of c and l?
9
Let j be 141/12 + (4 - 15/4). Let g be ((-4)/j)/(-1) + (-59)/(-3). Calculate the greatest common factor of g and 140.
20
Suppose -22*m + 537 = 97. Calculate the highest common factor of 590 and m.
10
Let w = 434 + -429. What is the greatest common divisor of w and 8?
1
Suppose 4797 = 92*h - 53*h. What is the highest common factor of h and 3?
3
Let w = -11 - -8. Let c = -2 - w. What is the highest common factor of 11 and c?
1
Let o be (6/2)/((-2)/((-2)/1)). Suppose -o*r + 102 = -3. Calculate the greatest common factor of 7 and r.
7
Suppose -d - 20 = -14. Let k be 3/d - 295/(-2). What is the highest common factor of 21 and k?
21
Let z(i) = -i**3 - i**2 - 2*i + 195. Let x be z(0). What is the highest common factor of 78 and x?
39
Let m(b) be the third derivative of -b**4/8 + 67*b**3/6 - 3*b**2. Let c be m(13). What is the greatest common divisor of 14 and c?
14
Suppose 684 = 3*q + 4*t, -2*q = -4*t + 3*t - 456. Suppose 0 = -2*z - 4*z + q. Let c be -57*1*2/(-2). What is the greatest common divisor of z and c?
19
Let m(x) = 4*x - 66. Let h = 21 - -3. Let l be m(h). Suppose 0 = 3*i + 3*p - 48, -i + 2*i - 4*p = 36. What is the highest common divisor of l and i?
10
Let g be 152/56 + 2/7. Suppose 77 = 2*y + g. Suppose -4*n + y + 8 = -v, 5*v + 16 = n. What is the highest common divisor of 55 and n?
11
Let d be (-8 - -3)/(-1 + 78/108). What is the greatest common divisor of d and 909?
9
Let j be (-36)/5*80/(-32). Suppose 10*f - 12 - j = 0. What is the greatest common factor of 12 and f?
3
Let t(c) = 2*c**3 - 3*c**2 + 4*c - 3. Let p be t(2). Let i be 63/18*432/28. Calculate the greatest common factor of i and p.
9
Let h be -12*(-3)/15*40. Let v(m) = -6*m**2 - 3*m + 24. Let w be v(0). What is the highest common divisor of h and w?
24
Let x(z) = z**3 + 12*z**2 - 14*z - 15. Let h be x(-13). Let t be (1 - h)*((-78)/(-9) - 4). What is the greatest common factor of 21 and t?
7
Suppose 8 = 2*z, -4*z - 173 = -4*f + 291. Calculate the highest common factor of f and 135.
15
Let t(k) = -k**3 - k - 15. Let l be t(0). Let v = -6 - l. What is the greatest common divisor of v and 45?
9
Suppose -3*j - 4*j + 3612 = 0. Calculate the greatest common divisor of 24 and j.
12
Suppose 0 = 5*c + 10, q - 102 = -5*c + 131. Suppose 0 = 4*t - 2*j - 318, -3*j = t + 2*t - q. What is the highest common divisor of 10 and t?
10
Suppose 0 = -d - 3*d - 5*w + 1319, 0 = -3*d - 4*w + 988. Suppose -r - d = -13*r. Calculate the greatest common divisor of r and 2.
2
Suppose 5*t = 408 + 122. Let y be t/6 - (-4)/12. Let p be -1 + -1 + 16/8 + 126. What is the greatest common factor of y and p?
18
Let b be -2*(-2)/(-4)*-47. What is the highest common divisor of 1081 and b?
47
Let d be (3 - 21/(-7))/(3/308). What is the highest common divisor of d and 44?
44
Let v be (-6)/24*284/(-1) + -3. Suppose 0 = -4*n + 80 + v. What is the highest common factor of 111 and n?
37
Let g(r) = -r - 2. Suppose 4*a = 7*a + 12. Let n be g(a). Suppose -2*u - 59 = -f, -3*f - n*u - u = -159. What is the greatest common factor of 11 and f?
11
Suppose 0 = -5*a - 4*u + 50, 0 = 23*a - 20*a - 3*u - 30. Let r be 1 + 3 + -2 + 88. Calculate the greatest common divisor of r and a.
10
Let r(o) = o**3 + 20*o**2 - 2*o + 24. Let z be r(-20). Calculate the greatest common factor of 384 and z.
64
Let p be 3/1 + 0 + -1. Suppose 0 = g - p, c - 4*g = -6*g + 200. Let n be 3/((-9)/(-84)) - 0. What is the highest common factor of n and c?
28
Suppose -4*v + b = 23, 5*b + 3 = 2*b. Let z be (-80)/60 + (-92)/v. Suppose 8*y - 70 = 3*y. Calculate the greatest common factor of y and z.
14
Let o be -3 - ((-1)/(3/759) - 2). Suppose 0 = 2*t - 2*r - o, -3*r + r - 502 = -4*t. What is the greatest common factor of 25 and t?
25
Let k(r) = -2*r - 2 + 4 + r - 2*r**2 + 3*r**2. Let p be k(4). Suppose 2*z + 2*t - p = 0, -t - 22 = -4*z + t. What is the highest common divisor of 6 and z?
6
Suppose 5*h - 13 = 2*o + 14, -2*h + 5*o = 6. Calculate the greatest common divisor of h and 49.
7
Suppose -151*l + 621 = -124*l. Calculate the highest common factor of 874 and l.
23
Suppose -262 = -12*w + 218. Let q(h) = h**2 - 6*h + 1. Let l be q(7). Calculate the greatest common divisor of l and w.
8
Let y(u) = 17*u**3 + u**2 - 2*u + 28. Let b be y(0). Let x = -171 - -241. Calculate the highest common factor of b and x.
14
Suppose -4*d + 43 = v - 31, -5*v + 5*d = -270. What is the highest common factor of 232 and v?
58
Suppose 0 = -3*b + 27 - 3. Let v be 0/(-5) + 1 - -79. Suppose 0 = -3*j + l + 100, 4*l = -j - 2*j + v. What is the highest common factor of b and j?
8
Let l be ((-2)/2 - 1)/((-2)/848). What is the highest common divisor of 32 and l?
16
Suppose -36*y - 864 = 324. Let f = -78 + 146. Let s = y + f. Calculate the highest common divisor of 7 and s.
7
Let s = 2096 + -2087. Let f = -19 - -31. Calculate the highest common divisor of f and s.
3
Let w be (540/(-8))/(17/(-170)). Calculate the greatest common factor of 81 and w.
27
Let v be 5250/225*36/7. What is the greatest common divisor of 210 and v?
30
Let z = -1 - -5. Suppose 0 = -4*t - 2*p + 104, 7*t - 64 = z*t + 2*p. What is the greatest common divisor of 12 and t?
12
Let s be ((-4)/(-2))/((-2)/(-3)). Suppose 2*u - 40 = -s*u. Suppose -3*n + 134 = -58. Calculate the highest common divisor of n and u.
8
Let w(i) = i - 10. Let a be (32/12 - 2)*(-33)/(-2). Let c be w(a). What is the greatest common factor of c and 17?
1
Let x = 136 - 132. Suppose -x*z + 2*g + 54 = 0, -5*z = -4*g - 17 - 46. Calculate the greatest common divisor of 240 and z.
15
Suppose 365 = 11*c - 1175. Calculate the greatest common divisor of c and 56.
28
Let t = -276 - -720. What is the greatest common factor of 24 and t?
12
Suppose -7*p + 24696 = 21*p. What is the highest common divisor of p and 18?
18
Let i be 400/(-5 - -15)*(-22)/(-8). What is the highest common factor of 385 and i?
55
Let b(c) = -2*c**2 + 14*c + 7. Let l be b(7). What is the highest common factor of 28 and l?
7
Let w be 35*((-63)/(-49) + -1). What is the greatest common divisor of w and 80?
10
Suppose d - 4 = -5*n, 0*n = -n. Suppose -5*y - 2*m + 157 = m, 0 = 2*y - m - 65. Calculate the greatest common divisor of d and y.
4
Let r = 27 + -23. Suppose -11 = -r*j - 3. Suppose j*a = -11 + 123. What is the greatest common factor of a and 14?
14
Let j = -1294 - -1312. Calculate the highest common divisor of 4 and j.
2
Suppose 0 = 3*v + 8*v - 44. Suppose -2*d + r - v*r + 165 = 0, 3*r + 285 = 4*d. What is the greatest common factor of 15 and d?
15
Let k(l) = 80*l**2 + l + 2. Let p be k(-1). Suppose 39 = 2*x + j, 2*x - 4*j - 27 = -3. What is the greatest common divisor of p and x?
9
Let h(x) = -x**3 - 19*x**2 - 4*x - 1. Let u be h(-19). What is the highest common factor of 50 and u?
25
Suppose 0 = -5*z + 4*p + 6 + 6, -22 = -5*z - p. Let c(k) = 4*k + 8. Let t be c(z). What is the highest common divisor of 36 and t?
12
Let m be 0 + -1 + (1 - -7). Suppose -11*t = -6*t - 210. Let p be 344/7 - 6/t. What is the highest common factor of p and m?
7
Let i = 202 - -102. Let a = 75 - 37. Calculate the highest common factor of a and i.
38
Let l(a) = a**2 + 8*a - 5. Let w be l(5). Suppose -10 = 5*v - 15. Let o be 1 + 152/4 + v. Calculate the greatest common divisor of o and w.
20
Let o = 280 